. Determine q(14).
-3
Let a(j) = 20*j + 704. Give a(-38).
-56
Let o(a) = a**3 - 18*a**2 - 28*a + 182. Determine o(19).
11
Let u(q) = -323*q - 5152. Determine u(-16).
16
Let l(p) = p**2 + 5*p - 75. Give l(6).
-9
Let k(c) = 3*c**2 + 9169*c + 9170. What is k(-1)?
4
Let y(p) = -40*p**2 + 128*p - 9. Calculate y(3).
15
Let q(g) = -2*g - 35. Determine q(-16).
-3
Let s(y) = -191*y - 113. Determine s(2).
-495
Let o(p) = -p**3 + 6*p**2 + 82*p + 79. Determine o(-1).
4
Let l(c) = -c**3 + 30*c**2 - 76*c + 1348. Determine l(29).
-15
Let l(y) = 4*y**2 - 42*y - 134. Give l(20).
626
Let x(o) = o**2 + 21*o - 102. Give x(-18).
-156
Let k(l) = 405*l - 3212. What is k(8)?
28
Let n(s) = -3*s**2 - 144*s + 2854. Calculate n(15).
19
Let x(z) = -2*z**2 + 24*z - 25. Calculate x(15).
-115
Let m(j) = -j**3 - 6*j**2 - 13*j - 6. What is m(-1)?
2
Let i(m) = 6*m**3 - 322*m**2 - 110*m + 108. What is i(54)?
0
Let p(b) = -11*b**2 - 69*b + 65. Determine p(1).
-15
Let y(a) = 14*a**2 - 184*a + 43. Determine y(13).
17
Let d(j) = -6*j**2 + 46*j + 41. Calculate d(8).
25
Let s(t) = -t**3 + 9*t**2 - 66*t + 616. Calculate s(8).
152
Let v(m) = m**3 + 91*m**2 + 183*m + 98. What is v(-89)?
-347
Let g(r) = -2*r**3 + r**2 + 3*r - 16. Calculate g(2).
-22
Let g(h) = h**3 + 37*h**2 - 102*h - 798. Determine g(-39).
138
Let v(r) = 3*r**2 + 16*r - 51. Give v(8).
269
Let k(c) = -3*c**3 + 120*c**2 - 116*c - 39. Calculate k(39).
0
Let j(d) = d**3 + 9*d**2 + 469*d + 3691. What is j(-8)?
3
Let h(f) = -13*f**3 - 73*f**2 - 28*f - 17. Calculate h(-6).
331
Let h(b) = b**3 - 18*b**2 + 63*b - 130. Determine h(14).
-32
Let p(a) = 2*a + 28. Give p(-8).
12
Let k(o) = -o**3 - 57*o**2 + 1349*o - 72. Calculate k(-75).
3
Let x(m) = 548*m - 24666. Determine x(45).
-6
Let p(q) = q**2 - 45*q + 492. What is p(18)?
6
Let r(l) = 279*l - 559. Give r(2).
-1
Let m(b) = -17*b**2 + 4072*b + 6019. Calculate m(241).
-6
Let i(x) = x**3 + 41*x**2 - 64*x - 933. What is i(-42)?
-9
Let j(n) = -885*n - 6129. Give j(-7).
66
Let q(k) = 25*k - 2255. What is q(88)?
-55
Let o(u) = -3*u**2 - 4*u - 3. What is o(-6)?
-87
Let y(g) = -11*g**2 + 136*g - 334. Calculate y(4).
34
Let a(y) = 63*y**3 - y - 1. Calculate a(1).
61
Let k(h) = -2*h**2 - 56*h + 134. Calculate k(-21).
428
Let r(c) = -c**3 - 27*c**2 + 159*c + 86. Calculate r(-32).
118
Let t(c) = 3*c**3 + 6*c**2 - 16*c + 1. Give t(2).
17
Let t(r) = -1582*r - 31636. What is t(-20)?
4
Let b(p) = -p**2 - 39*p + 3. Determine b(-38).
41
Let u(h) = 8283*h + 82836. What is u(-10)?
6
Let s(y) = -2*y**3 + 14*y**2 - 17*y - 8. Determine s(5).
7
Let t(k) = k**2 + 94*k - 393. Calculate t(4).
-1
Let h(k) = -29*k + 547. What is h(19)?
-4
Let p(i) = -614*i + 6319. Determine p(10).
179
Let z(a) = -a**3 + 7*a**2 + 11*a - 86. Give z(7).
-9
Let a(h) = -23*h**3 + 115*h**2 + 50*h - 251. Give a(5).
-1
Let p(u) = -u**3 - 9*u**2 - 4*u - 2. Determine p(-8).
-34
Let y(v) = 408*v + 4389. What is y(-10)?
309
Let r(w) = 15*w + 565. Determine r(-24).
205
Let k(c) = 13*c - 532. Determine k(41).
1
Let m(u) = 255*u + 1949. Determine m(-9).
-346
Let x(d) = 11*d**2 - 966*d + 709. Determine x(87).
-74
Let k(l) = 131*l - 2088. Calculate k(16).
8
Let b(m) = -m**3 - 60*m**2 - 755*m + 24. Give b(-18).
6
Let x(j) = -2*j**3 - 7*j**2 - 15*j - 22. Give x(-5).
128
Let k(l) = -60*l + 2100. What is k(35)?
0
Let o(c) = c**3 - 8*c**2 - 13*c - 20. What is o(11)?
200
Let d(a) = 9*a**2 - 60*a - 71. What is d(8)?
25
Let d(z) = 1030*z**2 - 7*z + 1. Determine d(0).
1
Let c(p) = p + 117. Give c(9).
126
Let k(i) = 20*i**2 - 142*i - 297. Give k(-2).
67
Let u(f) = 338*f + 4044. Determine u(-12).
-12
Let w(c) = c**3 - 8*c**2 - 9*c - 4. Calculate w(7).
-116
Let b(n) = 3*n**3 - 73*n**2 + 29*n - 67. Determine b(24).
53
Let l(n) = -4*n - 22. Calculate l(-15).
38
Let g(o) = -o**3 - 23*o**2 + 179*o + 146. Determine g(-29).
1
Let g(s) = -2947*s + 14677. Calculate g(5).
-58
Let u(z) = z**3 - 13*z**2 - 15*z + 9. Calculate u(13).
-186
Let j(g) = g**2 - 1678*g - 10086. What is j(-6)?
18
Let l(b) = -2*b**3 - 127*b**2 - 107*b - 2769. Determine l(-63).
3
Let q(u) = u**2 - 52*u - 1002. Calculate q(67).
3
Let l(q) = 2*q**3 + 4*q**2 - 9344*q - 18694. Determine l(-2).
-6
Let l(b) = -b**2 - 13*b + 1569. Determine l(-44).
205
Let r(y) = y**3 - 25*y**2 + 25*y + 485. What is r(23)?
2
Let t(i) = -14*i**2 - 149*i + 67. Determine t(-11).
12
Let f(g) = 2*g**2 - 167*g - 86189. Give f(-170).
1
Let r(f) = -2*f**2 + 21*f - 3. Determine r(4).
49
Let q(d) = -d**3 + 7*d. Calculate q(5).
-90
Let p(v) = 12*v**2 - 6*v + 12. Give p(1).
18
Let u(g) = -g**2 - 12*g - 38. What is u(-6)?
-2
Let g(c) = -c**2 + 7*c - 12. What is g(8)?
-20
Let z(u) = u**3 + 20*u**2 + 2*u + 86. Calculate z(-20).
46
Let p(i) = -i**2 + 145*i - 1751. What is p(14)?
83
Let c(y) = -28*y + 294. Give c(13).
-70
Let d(o) = -3*o**3 - 2*o**2 + 11*o - 10. What is d(3)?
-76
Let q(s) = s**2 + 10*s - 53. What is q(0)?
-53
Let n(p) = 16*p**2 - 1019*p - 269. Give n(64).
51
Let o(n) = 33*n**2 - 234*n + 24. Calculate o(7).
3
Let l(p) = -10*p - 423. Calculate l(-27).
-153
Let w(t) = -37*t - 93. What is w(8)?
-389
Let k(y) = 1445*y + 65023. Determine k(-45).
-2
Let z(d) = 50*d**2 + 370*d + 110. What is z(-7)?
-30
Let n(x) = x**3 + 3*x**2 + 4*x - 5. Determine n(2).
23
Let x(v) = v**3 + 18*v**2 - 91*v - 98. Determine x(-22).
-32
Let a(z) = z**2 + 50*z + 477. Give a(-13).
-4
Let w(o) = -3403*o - 57810. Determine w(-17).
41
Let r(c) = -c**2 + 242*c + 4992. Give r(-19).
33
Let h(k) = k**3 + 7*k**2 - 97*k + 4. What is h(-14)?
-10
Let d(i) = i**2 + 36*i - 63. Determine d(2).
13
Let z(a) = -a**3 - 171*a**2 - 326*a + 2048. What is z(-169)?
20
Let r(f) = f**3 + f**2 - 33*f + 31. What is r(5)?
16
Let i(k) = k**2 + 47*k + 187. Determine i(-42).
-23
Let a(f) = f**2 - 127*f + 3. Calculate a(0).
3
Let x(g) = g**3 + 3*g**2 + 5*g - 332. Give x(0).
-332
Let i(u) = 3*u**2 - 49*u + 33. Give i(14).
-65
Let a(s) = -s**3 - 14*s**2 - 8*s - 14. Calculate a(-11).
-289
Let h(d) = -d**2 + 90*d - 89. Determine h(89).
0
Let c(b) = -b + 81. Determine c(16).
65
Let o(q) = -q**2 + 30*q + 575. Calculate o(44).
-41
Let w(x) = 2*x**2 - 14*x - 334. What is w(-10)?
6
Let y(j) = -j**3 + 20*j**2 + 19*j + 6. What is y(21)?
-36
Let t(w) = -w**3 + 9*w**2 + 34*w - 29. Calculate t(12).
-53
Let s(o) = -7*o**3 - 168*o**2 - 21*o - 498. What is s(-24)?
6
Let g(t) = -t**2 - 88*t + 254. Calculate g(-91).
-19
Let w(z) = 14*z - 13. Give w(-4).
-69
Let s(l) = l**2 + 40*l + 147. Determine s(-32).
-109
Let y(z) = 9*z**2 - 23*z + 43. What is y(2)?
33
Let j(q) = q**2 + 2*q + 7. Calculate j(-3).
10
Let r(z) = -4260*z - 21307. What is r(-5)?
-7
Let u(o) = o**3 - 90*o**2 + 265*o - 339. Give u(87).
9
Let n(d) = d**3 + 11*d**2 + 14*d + 7. Give n(-7).
105
Let f(g) = g**3 + 7*g**2 - 48*g - 41. Calculate f(-11).
3
Let z(l) = l**3 - 11*l**2 + 9*l - 9. Calculate z(5).
-114
Let p(x) = 2*x**2 + 53*x + 326. What is p(-12)?
-22
Let y(n) = 130*n + 428. What is y(-3)?
38
Let p(c) = -c**3 + 51*c**2 - 634*c + 221. What is p(20)?
-59
Let w(v) = -35*v - 256. Calculate w(-7).
-11
Let m(d) = d**3 - 11*d**2 - 7*d - 29. Determine m(12).
31
Let r(m) = 3*m**3 + 128*m**2 + 206*m + 37. Calculate r(-41).
-4
Let t(l) = l**3 - 20*l**2 + 111*l - 2229. Give t(20).
-9
Let z(q) = -350*q - 812. Determine z(-3).
238
Let g(t) = 46*t**2 + 1162*t + 262. Calculate g(-25).
-38
Let v(f) = 3*f + 12. Calculate v(-5).
-3
Let i(n) = 53*n - 146. Give i(10).
384
Let m(a) = a**3 - 26*a**2 + 24*a + 36. Give m(25).
11
Let c(i) = i**3 + 10*i**2 + 114*i + 987. Calculate c(-9).
42
Let b(j) = -28991*j + 144964. Give b(5).
9
Let f(u) = u**2 - 112*u + 2811. Determine f(38).
-1
Let a(t) = 3*t**2 + 16*t - 89. Determine a(-12).
151
Let v(s) = 2*s**3 - 51*s**2 + 27*s + 57. Calculate v(25).
107
Let l(i) = 2*i**2 + 103*i + 203. What is l(-2)?
5
Let q(n) = 6*n**2 - 48*n - 7. Give q(4).
-103
Let s(g) = -119*g + 33. What is s(0)?
33
Let p(y) = 3*y**3 + 9*y**2 - 28*y + 27. Give p(6).
831
Let y(d) = 7*d**2 + 15*d + 13. Calculate y(-4).
65
Let t(u) = -2*u**2 + 266*u + 2269. Determine t(141).
13
Let y(w) = -288*w + 8367. Calculate y(29).
15
Let t(y) = -5*y**2 - 39*y + 81. Give t(2).
-17
Let r(v) = -5267*v + 4. Calculate r(0).
4
Let y(b) = -b**2 + 25*b - 136. Give y(14).
18
Let g(q) = -2*q**3 - 4*q**2 - 2*q + 10. Determine g(3).
-86
Let z(i) = -56*i + 633.